2691496?
True
Is 11 a factor of 129330142?
False
Is 1989720 a multiple of 120?
True
Is 5873056 a multiple of 1099?
True
Is 541982535 a multiple of 1021?
True
Is 197 a factor of 2950455013?
True
Is 7 a factor of 29821563?
False
Is 37 a factor of 73616717?
True
Is 5154081 a multiple of 69?
False
Does 16 divide 21722944?
True
Does 13 divide 4374107192?
True
Does 18 divide 13364785?
False
Does 6 divide 8376648?
True
Does 375 divide 1132333125?
True
Is 1482097051 a multiple of 27?
False
Does 22 divide 7193604?
True
Is 16 a factor of 273181210?
False
Is 1021877099 a multiple of 277?
True
Is 199 a factor of 2622278?
False
Is 1123245624 a multiple of 408?
True
Does 9544 divide 1293946888?
True
Does 25 divide 11539277?
False
Is 9 a factor of 78486192?
True
Is 242 a factor of 21170060?
False
Does 117 divide 13105999?
False
Is 1422 a factor of 599108577?
False
Is 8 a factor of 1291866054?
False
Does 66 divide 885119532?
True
Is 5008 a factor of 38804981?
False
Is 19 a factor of 79970862?
False
Is 10 a factor of 472132683?
False
Does 2 divide 11907020?
True
Does 29 divide 188159416?
False
Is 32 a factor of 117438987?
False
Is 1207653300 a multiple of 4779?
True
Is 1339 a factor of 558878515?
True
Is 359353064 a multiple of 5205?
False
Does 39 divide 84959406?
False
Does 12 divide 79484853?
False
Does 15 divide 30737987?
False
Does 4574 divide 286341628?
False
Is 2419 a factor of 91723642?
True
Does 751 divide 40688047?
False
Does 7 divide 37180032?
False
Is 58 a factor of 24262903?
False
Does 10 divide 401981665?
False
Does 110 divide 13815230?
True
Does 19 divide 53531189?
True
Is 9 a factor of 112345236?
True
Does 2847 divide 22596639?
True
Is 14 a factor of 457795989?
False
Is 1144795117 a multiple of 17?
False
Is 2035275453 a multiple of 249?
True
Is 85140327 a multiple of 1451?
True
Is 14 a factor of 103335932?
True
Is 216418358 a multiple of 12?
False
Is 1374 a factor of 1698392141?
False
Is 9 a factor of 293914440?
True
Does 114 divide 479692342?
False
Is 25719908 a multiple of 11?
False
Is 1860233262 a multiple of 762?
True
Does 23 divide 491142920?
True
Does 75 divide 27939586?
False
Is 1260 a factor of 31299529?
False
Does 2110 divide 52427170?
True
Does 8046 divide 2525570872?
False
Does 22 divide 746042?
True
Is 6 a factor of 386215528?
False
Is 28089950 a multiple of 50?
True
Is 5218 a factor of 3813037846?
True
Does 408 divide 74302602?
False
Does 45 divide 43866585?
True
Is 162820156 a multiple of 28?
False
Is 2736519640 a multiple of 325?
False
Does 65 divide 66082510?
True
Is 1365 a factor of 1249663145?
False
Is 5 a factor of 396264890?
True
Is 2246093104 a multiple of 1776?
False
Is 4 a factor of 7655167?
False
Is 96720757 a multiple of 1853?
False
Does 12 divide 1017296160?
True
Is 363 a factor of 14262996?
True
Is 191 a factor of 13974706?
True
Is 161 a factor of 51644453?
True
Is 141740655 a multiple of 33?
False
Is 367357377 a multiple of 112?
False
Is 12 a factor of 1448656474?
False
Is 6 a factor of 36177150?
True
Is 188 a factor of 7227284?
True
Does 2700 divide 25045200?
True
Is 12 a factor of 97233387?
False
Is 217 a factor of 305968333?
False
Is 1027 a factor of 128787854?
True
Is 561459568 a multiple of 22?
False
Does 87 divide 6991500822?
False
Does 838 divide 29549077?
False
Is 190 a factor of 29845535?
False
Is 511 a factor of 24074500?
False
Does 102 divide 11300886?
True
Is 2916914559 a multiple of 13?
True
Is 610719153 a multiple of 1419?
True
Is 119 a factor of 90842943?
False
Does 1534 divide 8908976?
False
Is 4 a factor of 15813078?
False
Is 1444777045 a multiple of 5366?
False
Does 91 divide 175588482?
False
Is 111 a factor of 24666753?
True
Is 11 a factor of 8492828?
False
Is 43333628 a multiple of 2197?
True
Does 38 divide 1021351118?
True
Is 74 a factor of 1434539802?
True
Is 1447 a factor of 25428551?
False
Is 101 a factor of 190863841?
True
Does 34 divide 107823174?
False
Is 574709550 a multiple of 150?
True
Does 3920 divide 2641680160?
True
Is 95 a factor of 723053360?
True
Does 11 divide 4373471?
False
Does 6354 divide 1421275428?
True
Does 88 divide 233424050?
False
Does 419 divide 20555914?
False
Is 174737196 a multiple of 18?
True
Does 7 divide 19416257?
True
Does 324 divide 74155500?
True
Is 16 a factor of 185731952?
True
Is 33 a factor of 2007031488?
True
Is 15 a factor of 992141176?
False
Is 313 a factor of 1068599215?
True
Is 879 a factor of 28780218?
True
Is 142 a factor of 99092002?
True
Is 6839 a factor of 1863470091?
False
Is 210 a factor of 179542671?
False
Is 1758411417 a multiple of 1879?
True
Is 152 a factor of 32154232?
True
Does 1384 divide 10586344?
False
Is 451762642 a multiple of 46?
True
Is 56 a factor of 8575595?
False
Does 73 divide 13611443?
False
Does 63 divide 28689974?
False
Is 31 a factor of 23749255?
True
Is 24577674 a multiple of 84?
False
Does 5293 divide 270472300?
True
Is 6836952 a multiple of 904?
True
Is 46 a factor of 393181044?
True
Is 340179191 a multiple of 1993?
True
Is 940 a factor of 293650360?
True
Does 35 divide 212332645?
True
Is 1236 a factor of 4284921540?
True
Is 743226165 a multiple of 121?
True
Is 204 a factor of 9905832?
True
Is 24281046 a multiple of 162?
True
Does 12 divide 91853652?
True
Is 581546368 a multiple of 5102?
True
Is 255 a factor of 86977950?
True
Is 2342 a factor of 1121808975?
False
Is 21 a factor of 11073990?
False
Is 544021005 a multiple of 885?
True
Is 1057 a factor of 1032459313?
False
Is 48081096 a multiple of 4658?
False
Is 11474236 a multiple of 23?
False
Does 542 divide 1283335134?
True
Is 3 a factor of 1366449?
True
Is 3563520 a multiple of 435?
True
Is 26 a factor of 91054003?
False
Does 2 divide 6510955?
False
Is 69 a factor of 21323622?
True
Is 189340467 a multiple of 125?
False
Does 30 divide 108751500?
True
Is 292 a factor of 41096549?
False
Is 18 a factor of 33145398?
True
Is 102 a factor of 3321942585?
False
Is 13837 a factor of 1559319204?
True
Does 14 divide 109135903?
False
Is 3 a factor of 2063651?
False
Is 89838808 a multiple of 293?
False
Is 80570082 a multiple of 8?
False
Is 1917782520 a multiple of 20?
True
Is 421429 a multiple of 69?
False
Is 12644478 a multiple of 693?
True
Is 894378723 a multiple of 5?
False
Does 48 divide 1281168?
True
Does 7077 divide 367310577?
False
Is 244 a factor of 989545172?
True
Is 903285635 a multiple of 498?
False
Does 1170 divide 17532450?
True
Does 156 divide 91508508?
True
Is 2654 a factor of 169038568?
True
Is 9136960 a multiple of 35?
True
Is 3315 a factor of 138086855?
False
Does 19 divide 22632382?
True
Does 1366 divide 7433772?
True
Is 11 a factor of 1777735036?
True
Is 62329902 a multiple of 52?
False
Does 103 divide 11311005?
False
Is 3756 a factor of 831672300?
True
Does 85 divide 204159413?
False
Is 9 a factor of 39051252?
True
Is 403807343 a multiple of 58?
False
Is 6194562 a multiple of 187?
True
Is 88401108 a multiple of 6?
True
Does 1586 divide 3265700880?
True
Does 8 divide 41109219?
False
Does 172 divide 74642668?
True
Is 14 a factor of 164942780?
False
Is 3123 a factor of 370706346?
True
Is 48464144 a multiple of 47?
True
Is 158270382 a multiple of 18?
True
Is 4230 a factor of 142713489?
False
Does 40 divide 194368720?
True
Is 28 a factor of 429024141?
False
Is 26359378 a multiple of 258?
False
Is 105 a factor of 4169523?
False
Is 4909114366 a multiple of 73?
True
Is 330672552 a multiple of 37?
True
Is 182 a factor of 249544022?
True
Is 57144249 a multiple of 81?
False
Is 54712032 a multiple of 6?
True
Does 747 divide 19275588?
True
Is 12000208 a multiple of 8?
True
Is 1281 a factor of 740061824?
False
Is 40522252 a multiple of 4181?
True
Is 2318 a factor of 56920808?
True
Is 110 a factor of 832754309?
False
Is 17 a factor of 2112799?
False
Is 1203038198 a multiple of 1555?
False
Does 13 divide 528205106?
True
Is 11932414 a multiple of 13?
True
Does 1618 divide 123846574?
True
Is 1679035949 a multiple of 2063?
False
Is 342649496 a multiple of 28?
True
Is 4623 a factor of 1123434479?
False
Is 7 a factor of 1672803813?
False
Is 247 a factor of 1634646309?
False
Does 7 divide 388712112?
False
Is 78962293 a multiple of 27?
False
Is 3901 a factor of 678910535?
True
Is 765274950 a multiple of 795?
True
Is 84219856 a multiple of 2888?
True
Is 100770519 a multiple of 126?
F